j(n) = -n**2 + n + 3. Let f(r) = 2*r. Let h be f(0). Suppose h = 5*c - 75 - 25. Suppose i = -b - 5, 5*b - 2*i = -6*i - c. Calculate j(b).
3
Suppose -23 = -11*o + 43. Let k(w) = 13*w**2 - 6*w**2 - 3 + 5*w + 4*w + w**3 - o*w. What is k(-6)?
15
Let x(n) = -n - 3. Let o(d) = -d + 13. Let m be o(8). Determine x(m).
-8
Suppose 4*z + 16 = 0, 2*a - 36 = 6*a - 5*z. Let n be a/(-4)*(1 - 3). Let t(h) = h**3 + 8*h**2 + 6*h - 3. What is t(n)?
4
Suppose -u + 7*r - 2 = 4*r, -5*r = -2*u. Let w be -10*(18/u - 1) - -1. Let q(l) = 1 - 5 + l - 2*l. Determine q(w).
3
Let n(z) = -17*z**2 + z + 5. Let d(a) be the first derivative of -11*a**3 + a**2 + 9*a + 1. Let v(y) = 4*d(y) - 7*n(y). What is v(-1)?
-13
Let p(v) = -3*v + 1. Let s(t) = -13*t + 5. Let f(x) = 9*p(x) - 2*s(x). Let h(k) = -15*k + 4. Let d(j) = -3*f(j) - h(j). Determine d(1).
17
Let j(q) = -q**2 - 6*q + 3. Let v(t) = -t + 10. Let l(n) = -3*n + 29. Let f(g) = 3*l(g) - 8*v(g). Suppose 0 = -6*s + 57 + 21. Let u be f(s). Determine j(u).
3
Let z(p) = 29*p - 139. Let r be z(5). Let t(x) = 3*x + 2. Give t(r).
20
Let b(q) be the second derivative of 1/12*q**5 - 4*q + 0 - 2*q**2 + 1/2*q**3 - 1/4*q**4 + 1/120*q**6. Let g(w) be the first derivative of b(w). Determine g(-6).
3
Let j be (3 - -1) + 2 - -2. Let f(o) = 2 - 2*o - j + 2 + 1. Give f(-2).
1
Let g(x) = 2*x**2 + 6*x - 78. Let p be g(-8). Let a(t) be the first derivative of -6 - 4/3*t**3 + t - 1/2*t**p. Determine a(1).
-4
Let z(y) = y**2 + 2*y - 1. Let j be (-5*(-8)/(-12))/(2/3). What is z(j)?
14
Let f(v) = -2295 - 2298 + 4598 - v. Suppose 0 = -3*h - 5*t + 29 + 1, 0 = -2*h + t + 20. Determine f(h).
-5
Let p be -4*6/12*-1. Let w(q) = 6*q - q + 0*q - 14*q**3 - q**p - 1 - 6*q. Calculate w(-1).
13
Let q(w) = -w**2 + 6*w + 2. Suppose 13 = 3*l - 122. Let o = l + -10. Let y be (-2)/(-7) + 165/o. Give q(y).
7
Let m(b) = -11*b**3 + 5*b**2 - b. Let n(l) = 2*l**3 - l**2 + 3. Let j(o) = m(o) + 5*n(o). Calculate j(0).
15
Suppose -30*v + 58*v - 44*v - 32 = 0. Let q(l) be the second derivative of 2*l**3/3 - l**2/2 + l. Give q(v).
-9
Let u(y) = -y**2 - 6. Let g(o) = 2 + 5 - 8. Let r(h) = 6*g(h) - u(h). Let p(l) = -l**2 + 3*l + 16. Let z be p(6). Give r(z).
4
Let k(o) = 4*o + 39. Let s be k(-8). Let x(r) = -r + 9. What is x(s)?
2
Let w be -3 - (0 + -2*9). Suppose -w = -3*x + 9. Let r(y) = 4*y**2 - 2*y + 3*y + 0*y**2 - x - 3*y**2. Calculate r(0).
-8
Let m(u) = u**2 - 2*u. Let g(z) = z**3 - 4*z**2 - 5*z + 6. Let w be g(5). Let y = 10 - w. Suppose 2*s + 4*h + 4 = 0, -y*s - 4*h = -s. Calculate m(s).
8
Let f be -2 + 32/5 - 8/20. Let u(v) = -3*v**2 - v - 27. Let c(a) = 4*a**2 + a + 28. Let p(k) = f*c(k) + 5*u(k). Calculate p(0).
-23
Let o = 1493/2 - 745. Let r(g) be the second derivative of -o*g**2 + 1/3*g**3 - g + 1/3*g**4 + 1/20*g**5 + 0. What is r(-3)?
0
Let s(z) = z**2 + 24*z + 24. Let p be s(-23). Let r be -1*(7 + 2*-1). Let x be r + p + 2 + -1. Let b(f) = -f**3 - 4*f**2 - 4*f. Give b(x).
3
Let j(h) = -37*h**2 - 2 + 40*h**2 + 1. Determine j(1).
2
Let y be 17/((-1071)/(-135))*-7. Let d(v) = v**2 + 14*v + 17. What is d(y)?
32
Let c(g) = 0*g - 9*g - 3 + g**3 + 3*g - 5*g**2. Let s = 95 - 89. What is c(s)?
-3
Let b(i) = 5*i**2 + 6*i**2 - 2*i**2 - 882 + 876 + 5*i - 8*i**2. Suppose z = -0*z - 6. What is b(z)?
0
Let b(s) = -4*s**3 - s**2 + 3*s + 4. Let i be b(-1). Let k(n) = 1 - 2*n + 12*n - 2*n - i*n. Suppose 4*h = -j, 0 = -3*h - 3*j + 1 + 8. Calculate k(h).
-3
Let b(l) = -l**3 - 4*l**2 - 6*l. Let f be b(-3). Suppose -19*h + 16*h = f. Let a(s) = -s - 3. Give a(h).
0
Let f(u) = u**2 + 1. Let p(q) = -2*q**2 - 9*q - 4. Let k(r) = f(r) + p(r). Suppose -3*z - 24 = 3*z. Let d be ((-4)/(-6) - z/(-24))*-12. What is k(d)?
15
Let n(f) be the third derivative of 0*f + 0 + 18*f**2 + 1/6*f**3 - 1/12*f**4. Determine n(4).
-7
Suppose -o - 11 = 3*w + 4*o, 8 = -2*o. Let a(s) = -2*s - 3 - 1 - s - w. What is a(-6)?
11
Let p(w) = w. Let n(v) = -7*v + 39. Let s be n(5). Suppose -5*g + 9 = s*h - 20, 5*h = g. Calculate p(h).
1
Suppose -v + 4 = -3*v. Let u(q) = -q**2 + 22*q - 13. Let c be u(16). Let m(d) = 4 + c*d - 4 - 81*d + 2. Calculate m(v).
-2
Let m(x) = -x + 3. Let z = -39 - -39. Suppose z*s + 3*t = 5*s + 28, -5*t = -3*s - 20. Calculate m(s).
8
Let f(r) = 2*r**3 - 34*r**2 - 18*r - 25. Let z(c) = -c**3 + 16*c**2 + 9*c + 13. Let v(d) = -4*f(d) - 9*z(d). What is v(9)?
-17
Suppose 2*x + p = 15, 0 = 4*x - p - 2*p - 55. Suppose -3*w - 25 = -x. Let h(b) = -b**3 - 5*b**2 + b. What is h(w)?
-5
Let j(a) be the first derivative of -a**2 - 4*a + 11. Suppose 0*q - 6 = -2*q. Suppose 2*x - q = 3*x. Calculate j(x).
2
Let a(w) = w + 2. Let r be (27/(-18))/(1/2) + 1. Let f(l) = 5 - 8 + l + 0. Let i be f(r). Give a(i).
-3
Let n(t) be the first derivative of t**2/2 - 18*t + 321. Determine n(8).
-10
Let h(r) = r**3 - 6*r**2 - r + 1. Suppose -5*b + x = -12, 0 = -4*x - x - 10. Suppose -4*s + b = -3*s, 2*s = -2*v + 16. Give h(v).
-5
Suppose 27*v + 40 = 17*v. Let q(n) = -n**3 - 5*n**2 - 6*n - 5. What is q(v)?
3
Let a = -139 - -279/2. Let j(t) be the first derivative of -8 + a*t**2 - 8/3*t**3 + 0*t. Calculate j(1).
-7
Let l(i) = i**3 - 7*i**2 + 8*i + 10. Let v be l(5). Let b(k) = -3*k + 18 + v*k**2 - 2*k**2 - 19. Determine b(-3).
-10
Let j(m) be the first derivative of -m**6/180 - m**5/120 - m**4/24 + 20*m**3/3 + 18. Let l(t) be the third derivative of j(t). Give l(2).
-11
Let b be (76 - 76) + -6 + (-3 - -2). Let l(k) = k**3 + 7*k**2 - 6*k + 7. Give l(b).
49
Let v(d) = 5*d**3 + 2*d**2 + 7*d - 5. Let w(g) = 3*g**3 + 2*g**2 + 5*g - 5. Let f(u) = 2*v(u) - 3*w(u). Calculate f(2).
3
Suppose 3*u + 150 - 189 = 0. Let x(d) = -d**2 + 16*d - 7. Determine x(u).
32
Let u(b) = b. Let v be u(-3). Let w be v/(-2) + (-18)/12. Let a(g) be the first derivative of -g**4/4 + g**2/2 - g - 5. Give a(w).
-1
Let j be (0 - 0)*2/4. Suppose j*h + 13 = -h + 4*g, 5*h - 23 = -2*g. Suppose 6*r - h*r = -12. Let x(f) = f**3 + 5*f**2 + 3*f - 5. Give x(r).
-1
Let x(n) be the second derivative of -n**5/20 + 5*n**4/12 + 5*n**3/2 - 5*n**2/2 - 162*n. Give x(7).
2
Let p = -2194 - -2190. Let b(h) = h**3 + 3*h**2 - 1. Calculate b(p).
-17
Suppose 8 + 2 = 5*v, -3*v = -4*q + 22. Let t(k) = k + k**3 + 2*k + 2*k - 3 + q*k**2. Let l(u) = 5*u - 36. Let c be l(6). What is t(c)?
3
Suppose 5*l = -4*h - 55, 0 = 2*l + 8*h - 12*h - 6. Let o(g) = -g**3 - 7*g**2 - g + 8. What is o(l)?
15
Let i(s) = 2*s - s**2 + 5*s - 2*s. Give i(5).
0
Suppose -5*u + 10 = -4*z - 17, -3*u = 3*z. Let r(d) = -d**3 + 5*d**2 - 5*d + 3. Calculate r(u).
6
Let x(d) = -4*d + 4. Let r(y) = -6*y + 3*y + 2*y. Let g(l) = -5*r(l) + x(l). Determine g(-4).
0
Let d(y) = y - 36. Let f(x) = -x + 18. Let z(h) = -3*d(h) - 5*f(h). Let k(v) = v + 9. Let s(m) = 5*k(m) - 2*z(m). Give s(-12).
-3
Let t(v) = 4*v - 51. Let n be t(15). Let i(o) = o - 9. Determine i(n).
0
Suppose 12 = -3*c + 3*i, 0 = 2*c - 2*i + i + 3. Let o(w) = -w - 6*w + 6*w + c. Give o(-4).
5
Let l(q) be the second derivative of q**6/720 + q**5/30 - q**4/12 - 2*q. Let j(n) be the third derivative of l(n). What is j(-4)?
0
Let x(c) = 2013*c + 0 - 2014*c - 2. Give x(0).
-2
Let k(i) = 1221*i + 13 - i**3 - 613*i - 618*i + 8*i**2. What is k(7)?
-8
Let r(a) = -a**2 + 3*a + 5. Suppose -47 = -c + 31. Let x = 83 - c. Calculate r(x).
-5
Let r(v) = -5*v + 70. Let n be r(14). Let t(h) be the first derivative of h**4/4 - h**3/3 - h**2/2 - 5*h + 1. Calculate t(n).
-5
Let g(m) = -m**3 + 7*m**2 - 2*m + 2. Let n(r) = -4*r**2 - 15*r - 2. Let v be n(-3). What is g(v)?
-12
Suppose -c + 14 = 4*g - g, -2*c + 20 = 4*g. Let t be (-4)/(-10) - (-46)/10. Let m(w) = -4 - c*w + 2 + 5 - 1 - t*w**2 - w**3. Calculate m(-5).
12
Let q(h) be the third derivative of -h**6/20 + h**5/60 + h**4/12 + h**3/3 + 10*h**2. Calculate q(-1).
7
Let y(c) be the third derivative of -c**6/12 - c**5/15 - c**4/24 + c**3/3 - 184*c**2. Determine y(-1).
9
Let i(h) be the first derivative of -h**3/3 + 3*h**2 - 6*h + 2. Suppose -85 + 13 = -4*p. Suppose 2*y - 6 = 3*q - 24, y = 3*q - p. Calculate i(q).
-6
Suppose -p + 0*p = 24. Suppose 5*n + 0 = 2*c + 29, -3*c - 35 = n. Let b be (c/10)/(p/(-60)). Let l(k) = k - 2. Give l(b).
-5
Let o(j) = 2*j + 14. Let a(b) = -2*b - 13. Let t(k) = -6*a(k) - 5*o(k). Calculate t(-6).
-4
Let d = 1390 - 1382. Let h(y) be the second derivative of -y**4/12 + 4*y**3/3 + y**2 - y. Determi